Evaluate (-4 + 1 - 0) + 4.
1
Evaluate 1 - 2 - (0 - (0 - -3)).
2
-10 + -2 + 1 - -9
-2
Calculate 27 + -29 + (-1 - -8).
5
Evaluate -9 - -18 - 12 - 2.
-5
What is the value of 3 - (-7 + (5 - -1))?
4
Calculate 2 - (1 + (-4 - 0)).
5
What is 1 + -11 + (-20 - -26) - -6?
2
Evaluate -12 + 7 + 4 + 4.
3
What is -5 + -8 + 11 - (-2 + -2)?
2
What is -4 - (-7 - (-3 + -7))?
-7
(-1 - 6) + -38 + 41
-4
Calculate 5 + (-12 - -7) - 3.
-3
What is -8 + -4 + 8 + 11?
7
Calculate -3 + (-7 - (-15 + 9)).
-4
Calculate (-11 - (14 - 35)) + -1.
9
Evaluate 17 + -22 + -1 + 4.
-2
What is the value of 1 + (2 - 4 - 2) + 1?
-2
Evaluate 1 - (-18 + 20 - (-1 + 1)).
-1
Calculate 0 - -1 - ((-10 - -17) + -5).
-1
What is 3 + (1 - (5 - (5 + -4)))?
0
Evaluate -4 + -4 + 5 - 2.
-5
What is the value of 8 + -6 - (-2 + 2 + 1)?
1
What is 3 - 10 - (-1 + -9)?
3
Calculate 2 - (5 + -11 - -13) - -7.
2
What is the value of 6 + (-3 - -1) - (1 + 5)?
-2
What is the value of (-26 - -22) + (1 - -1)?
-2
What is 2 - (1 + 2 + -7)?
6
Calculate 3 + -3 + -7 + 5 + 1.
-1
Evaluate -6 + 11 - -2 - 11.
-4
Calculate -3 + (-4 - 2) + 3.
-6
What is the value of (-1 - -4) + -6 - -8?
5
(2 + 3 - 6) + -3 + -1
-5
What is the value of 1 + 3 - (0 + 1 - -5)?
-2
-15 + -4 - (-15 + 4)
-8
What is the value of -2 + (9 - (4 + 1))?
2
What is the value of -2 - (4 + -1) - 0?
-5
What is the value of (22 - (24 - 0)) + -1 + -2?
-5
What is 2 + (-2 - (6 + -4 - 6))?
4
Evaluate 0 + -5 + -3 + 4.
-4
What is the value of 3 + -9 - (3 + -4)?
-5
Evaluate -2 - 1 - (-13 + 14).
-4
What is (-4 - -1) + 6 + -4?
-1
What is (-1 + (0 - -4) - -1) + 5?
9
0 + -6 - (-1 - 1)
-4
What is the value of 11 + (-7 - (-7 + 5)) + -2?
4
What is 17 - 15 - (2 + -1)?
1
-11 - (-2 + -6 + -3)
0
Calculate 6 + (8 - 9 - (-1 - 0)).
6
Evaluate 44 + -39 - (2 + -1 + -1).
5
Evaluate -7 + -1 + 1 + (-47 - -49).
-5
Evaluate -6 - (-10 + 7) - -3.
0
0 - -1 - (10 - 9)
0
(15 - 17) + 1 + 3 + -6
-4
Evaluate (85 - 87) + (-1 - (-8 - 1)).
6
8 + -4 + (2 - 2 - 0)
4
What is the value of (1 - -7 - 1) + -3?
4
What is the value of -2 + 9 + -5 - 2?
0
Evaluate 4 + 2 + -3 + -3.
0
(3 - (-2 + 8 + -1)) + -3
-5
Calculate 4 + -1 + -2 + (-1 - 4).
-4
Calculate 4 + -2 + (2 + 1 - 1).
4
What is -5 + 4 - -4 - 10 - -3?
-4
What is the value of (24 - 22) + (-1 - 4)?
-3
What is -10 + 8 - (1 + -3)?
0
What is (-6 - (-1 - (-3 + 2))) + 3?
-3
What is the value of -3 + (-4 - 0 - -3 - -4)?
0
Calculate (-13 - -5) + 12 + -4.
0
What is the value of 0 + (-2 + 2 - -5) - 1?
4
What is -3 - (1 + -1) - (28 + -30)?
-1
What is 3 - (-3 - (5 - (5 - -5)))?
1
What is the value of (-12 - (-11 - 0)) + -7?
-8
Evaluate 2 - (-4 - (-11 + 7)).
2
Calculate -8 - (-5 - -3 - 3).
-3
2 + -4 - (-3 - -2)
-1
What is -7 - (-1 - 6 - 2)?
2
What is the value of 2 - -2 - (1 - -4)?
-1
2 + -3 + 1 + 2
2
Calculate (-9 - -1) + (11 - (3 - -8)).
-8
(-2 - -1) + 5 + (-6 - 2)
-4
Calculate (4 + -1 - 11 - -7) + 6.
5
(-7 - -12) + (1 - 1)
5
What is -7 - ((-2 - -2) + -2)?
-5
-10 + -8 + 12 - -1
-5
6 - ((-5 - 5) + 21)
-5
Evaluate (-5 - 1) + 9 - 5.
-2
4 - (6 - (-3 - (-3 + -4)))
2
Calculate 5 - 0 - (69 - 67).
3
Calculate 0 + 5 + (3 - 5) - 1.
2
What is the value of -15 + 1 - (-13 - -5)?
-6
Calculate (0 - (5 - 3)) + 1 + 0.
-1
What is -4 + (1 - -1) - 6?
-8
Calculate -4 + (7 - 4) + -1.
-2
What is the value of 2 + -1 + -2 + 3?
2
Evaluate 2 + (-4 - 1) - -6.
3
Calculate -13 - (2 + -11) - 1.
-5
What is 6 + -2 + -4 - (0 + 0)?
0
Calculate 1 - 2 - -2 - (0 + -1).
2
What is 0 + 5 + -2 - 0?
3
What is -8 + (-1 + -4 - -5 - -2)?
-6
What is the value of (-1 - (12 - 5)) + 6 - 0?
-2
Calculate -6 - (-1 - (-2 + 9)).
2
3 - 0 - 1 - (2 - -4)
-4
What is 4 - ((16 - -1) + -7)?
-6
Calculate 2 + (6 + -2 - 7) + 7.
6
Calculate (17 - 18) + (0 - -3).
2
Calculate (-2 - -1) + (35 - 32) - 8.
-6
What is the value of 3 - 2 - 1 - 0?
0
What is -7 + (12 - 8) + (1 - 1)?
-3
What is the value of -2 + (4 - 7) + 2?
-3
What is the value of 0 + (0 - -4) + -1?
3
-7 - (-10 - (12 - 11))
4
Evaluate -8 + (21 + -7 - 8).
-2
What is the value of -3 + 8 - (5 + -3)?
3
What is -2 + -7 + 3 + 0 - -1?
-5
What is 1 + 4 + -9 + -4?
-8
-4 - -3 - (20 + -17)
-4
-2 + -3 + (8 - 2) - 2
-1
Evaluate 1 - ((-8 - -4) + 0).
5
What is 0 + -3 + (4 - 7)?
-6
-11 + 7 + -1 + -3
-8
Calculate 6 + -3 - (-3 + (3 - -4)).
-1
What is the value of (-3 - (5 + -2 + -2)) + 7?
3
Calculate -6 - (-5 + -5 - -3).
1
Evaluate 5 + (3 - 3) + -2 - 7.
-4
(6 - -3 - -4) + -3 - 3
7
What is 1 + 3 + -6 + -1?
-3
Calculate 1 + (5 - 9 - -2).
-1
Evaluate -10 + 10 + (0 - 1).
-1
What is 0 + 1 + -8 + (-40 - -41)?
-6
2 - -1 - (0 + 6 - 0)
-3
What is the value of -9 + 0 - (-5 - 5 - -6)?
-5
Evaluate 4 + 2 + (-4 - -1).
3
4 - (0 - (2 - 2 - 1))
3
What is -6 + 2 - -7 - 3?
0
What is -7 + 11 + (5 - 4)?
5
What is the value of -11 + -4 + 7 + 3?
-5
What is -3 - (1 - 6) - 3?
-1
What is the value of (9 - (5 - 2) - 3) + -7?
-4
(33 - 25) + (-4 - 4)
0
What is the value of -87 - -92 - (-1 - -6 - 0)?
0
Evaluate -4 + (3 - 7) - -4.
-4
6 - (6 + 8 + -15 + 12)
-5
3 - (6 + (6 - 4))
-5
(-4 + (3 - 1) - 1) + 0
-3
Evaluate -5 + 3 - (-4 - (-3 - 0)).
-1
What is 11 - (14 + 0 + -7 + 0)?
4
What is the value of 0 + -4 - (17 - 26)?
5
What is the value of -7 + (-5 - -3) - -4?
-5
Evaluate -2 + (7 + 7 - 4).
8
Evaluate 7 + (6 + -10 - 0) + 0.
3
-2 + -3 + 5 + -4
-4
Evaluate 4 + 3 + (15 - 19) - 7.
-4
What is the value of -12 - (4 - (-13 + 21))?
-8
Evaluate -3 - (6 - 2 - 5).
-2
-3 + 8 + 9 + 1 - 8
7
Calculate 0 + 0 + (3 - 6).
-3
-6 + 0 + 2 - 1
-5
Evaluate -12 + 13 - (-11 + 5) - 4.
3
Evaluate -3 + -1 - (0 + (-3 - -3)).
-4
What is -12 + 8 + (8 - 2)?
2
(-1 + -3 - -2) + -4 - -4
-2
What is the value of 7 - 3 - (27 - 19) - 3?
-7
Calculate -12 + 16 + (2 - 1).
5
1 - 0 - 8 - (-3 + 0)
-4
What is (-2 + 16 + -8 - 4) + 5?
7
Evaluate -3 + (-6 - -3) + 4.
-2
Calculate (12 - (6 + -7)) + -4 - 2.
7
What is the value of (21 - 16) + 1 + -6 + 2?
2
What is the value of -102 + 113 + -2 + -8?
1
Evaluate 11 - 7 - (2 - -4).
-2
Evaluate -2 + 8 + (6 - 5) + 4.
11
Evaluate 4 + (-4 - (1 - 3 - 0)).
2
Calculate 1 + 2 + 0 + 2.
5
-2 + -2 + (2 - -5)
3
Evaluate 0 + -6 + 2 - -2 - 0.
-2
What is the value of 5 + 4 + -1 + -5?
3
What is (2 - -2) + 13 + -17?
0
3 + (7 + -20 - -6)
-4
Evaluate (8 + -3 - (0 + 1)) + -10.
-6
Evaluate -3 - (2 + -5 - -3) - 0.
-3
-2 + (-4 + 5 - 0)
-1
Calculate 3 + 1 + 3 + -5 + 2.
4
-7 - (-7 + 5) - (2 + -12)
5
What is -1 - ((6 - 4) + -3)?
0
-10 + -1 + 9 + 9
7
Calculate (-9 - -19) + -4 + 0.
6
What is the value of (0 - 1 - (-3 - -1)) + 0?
1
What is 4 + 3 - (11 - 3)?
-1
What is (1 - 1 - 3) + (-2 - -2)?
-3
What is 3 + (10 - 3 - (14 + -5))?
1
What is the value of -3 - (-9 + (-1 - -10))?
-3
What is the value of (-5 - 1) + (1 - -1)?
-4
9 - (5 + -4) - 4
4
Calculate -4 + (2 - (4 - 2)) + 1.
-3
Calculate (42 - 51) + 1 + 0.
-8
Calculate (-10 - (12 - 14)) + 0.
-8
Evaluate -4 + 0 - (84 + -85).
-3
Evaluate -1 - (0 - (0 - 0)).
-1
Evaluate -5 - -2 - (1 - 1) - -7.
4
(6 - (-3 - -4) - 1) + -9
-5
Calculate -2 + 6 - (34 - 31).
1
What is 4 - (5 + -2 + 0)?
1
Calculate -7 - ((-2 - 3) + 2).
-4
What is -5 - (-11 + 1 - -5)?
0
Evaluate 12 + -11 - (2 + 1 - 0).
-2
Evaluate (-60 - -52) + (1 - -3).
-4
Evaluate 4 - 0 - (9 - 2).
-3
Evaluate 2 + (-3 - -1) + 3 + -5.
-2
What is -2 - (3 - 11) - (4 + -1)?
3
What is the value of -12 - (-6 + 2) - -8?
0
Evaluate -24 + 16 - (1 + -3).
-6
Evaluate 3 - -3 - -4 - 12.
-2
0 - (-10 + 3) - -7 - 5
9
What is the value of (10 - (3 - 1) - 6) + 5?
7
1 - (-2 - (3 - 5))
1
Evaluate 1 - 2 - (6 + -7 + -2).
2
What is the value of -8 - (-5 - 0) - 2 - 0?
-5
Evaluate -6 + 5 + (-5 - -7) + -2.
-1
What is the value of -8 + (19 - (-3 + 12))?
2
9 - ((-2 - -6) + 9 + -9)
5
What is the value of 2 + (-5 - 0) + (6 - 3)?
0
What is the value of (-8 + 14 - 9) + (-2 - -8)?
3
What is -3 - (-10 + 2 + (11 - 8))?
2
What is 2 + -1 + (9 - 10)?
0
What is the value of (1 - 6) + (14 - 14)?
-5
Evaluate 9 + (4 - (-5 - -13)).
5
Evaluate 12 + -2 + (-37 - -28).
1
What is the value of -13 - ((12 - 7) + -11)?
-7
What is -1 + -3 - (0 + -2) - 2?
-4
What is the value of 0 + (-4 - -4) + -4 + 5?
1
What is the value of (69 - 77) + 0 + 0 + 8?
0
1 + -2 - (-20 + 23)
-4
0 + (1 - -2) + (-2 - -1)
2
26 + -24 - (-1 - 2)
5
Calculate -5 + (9 - 6 - -2).
0
1 + 2 + (4 - 7) - 5
-5
(11 - 0) + -3 + -17
-9
2 - (1 - ((1 - -10) + -5))
7
Evaluate -3 + (0 + 4 - 4).
-3
Evaluate -10 + 12 + (1 - (0 - 2)).
5
-6 + -5 + 25 + -9
5
Calculate 